{"id":3203,"date":"2024-09-25T15:30:39","date_gmt":"2024-09-25T22:30:39","guid":{"rendered":"https:\/\/artandpractice.org\/?post_type=exhibition&#038;p=3203"},"modified":"2025-06-26T12:29:48","modified_gmt":"2025-06-26T19:29:48","slug":"kaos-theory-the-afrokosmic-media-arts-of-ben-caldwell","status":"publish","type":"exhibition","link":"https:\/\/artandpractice.org\/es\/exhibitions\/exhibition\/kaos-theory-the-afrokosmic-media-arts-of-ben-caldwell\/","title":{"rendered":"TEOR\u00cdA DEL KAOS: Las artes medi\u00e1ticas afroc\u00f3smicas de Ben Caldwell"},"content":{"rendered":"<p>Conozca a Ben Caldwell. El so\u00f1ador del desierto que pas\u00f3 su juventud contemplando el cielo y viendo a su abuelo proyectar pel\u00edculas en un cine local. El joven artista y soldado en Vietnam que dej\u00f3 de lado su arma por una c\u00e1mara. El estudiante que alcanz\u00f3 la mayor\u00eda de edad dentro del movimiento cinematogr\u00e1fico de la Rebeli\u00f3n de Los \u00c1ngeles de los a\u00f1os 1960 a 1980 y que imagin\u00f3 el cine como un instrumento que pod\u00eda curar y emancipar. El cineasta, educador y productor cultural con esp\u00edritu comunitario que en 1984 abri\u00f3 KAOS Network, el centro de artes medi\u00e1ticas intergeneracional que ha ayudado a proteger las tradiciones de arte, compa\u00f1erismo y amor de los negros en Leimert Park Village.<\/p>\n\n\n\n<p>Inspirado en el premiado libro, <em>Teor\u00eda KAOS: El Arca Afroc\u00f3smica de Ben Caldwell<\/em>Esta exposici\u00f3n multimedia retrospectiva celebra el archivo de Caldwell y la vibrante vida creativa y las comunidades de KAOS Network. Viaje a trav\u00e9s del tiempo, la geograf\u00eda, la historia y la memoria con las variadas pr\u00e1cticas de Caldwell en fotograf\u00eda, cine, video, m\u00fasica, performance, dise\u00f1o comunitario y medios interactivos. Abra su esp\u00edritu en este fant\u00e1stico viaje a los mundos de vida de KAOS.<\/p>\n\n\n\n<p><em>Teor\u00eda KAOS: Las artes medi\u00e1ticas afroc\u00f3smicas de Ben Caldwell<\/em> La exposici\u00f3n est\u00e1 comisariada por Jheanelle Brown, curadora independiente, escritora y profesora de cine y v\u00eddeo del Instituto de las Artes de California, y Robeson Taj Frazier, autor, productor y profesor de comunicaci\u00f3n de la Universidad del Sur de California. Esta exposici\u00f3n es copresentada por el Museo Afroamericano de California (CAAM) y Art + Practice (A+P) como parte de CAAM en A+P, una colaboraci\u00f3n de cinco a\u00f1os.<\/p>","protected":false},"featured_media":0,"template":"","available_media":[],"class_list":["post-3203","exhibition","type-exhibition","status-publish","hentry"],"acf":[],"_links":{"self":[{"href":"https:\/\/artandpractice.org\/es\/wp-json\/wp\/v2\/exhibition\/3203","targetHints":{"allow":["GET"]}}],"collection":[{"href":"https:\/\/artandpractice.org\/es\/wp-json\/wp\/v2\/exhibition"}],"about":[{"href":"https:\/\/artandpractice.org\/es\/wp-json\/wp\/v2\/types\/exhibition"}],"wp:attachment":[{"href":"https:\/\/artandpractice.org\/es\/wp-json\/wp\/v2\/media?parent=3203"}],"wp:term":[{"taxonomy":"available_media","embeddable":true,"href":"https:\/\/artandpractice.org\/es\/wp-json\/wp\/v2\/available_media?post=3203"}],"curies":[{"name":"wp","href":"https:\/\/api.w.org\/{rel}","templated":true}]}}

TEORÍA DEL KAOS: Las artes mediáticas afrocósmicas de Ben Caldwell

<p>Conozca a Ben Caldwell. El soñador del desierto que pasó su juventud contemplando el cielo y viendo a su abuelo proyectar películas en un cine local. El joven artista y soldado en Vietnam que dejó de lado su arma por una cámara. El estudiante que alcanzó la mayoría de edad dentro del movimiento cinematográfico de la Rebelión de Los Ángeles de los años 1960 a 1980 y que imaginó el cine como un instrumento que podía curar y emancipar. El cineasta, educador y productor cultural con espíritu comunitario que en 1984 abrió KAOS Network, el centro de artes mediáticas intergeneracional que ha ayudado a proteger las tradiciones de arte, compañerismo y amor de los negros en Leimert Park Village.</p>



<p>Inspirado en el premiado libro, <em>Teoría KAOS: El Arca Afrocósmica de Ben Caldwell</em>Esta exposición multimedia retrospectiva celebra el archivo de Caldwell y la vibrante vida creativa y las comunidades de KAOS Network. Viaje a través del tiempo, la geografía, la historia y la memoria con las variadas prácticas de Caldwell en fotografía, cine, video, música, performance, diseño comunitario y medios interactivos. Abra su espíritu en este fantástico viaje a los mundos de vida de KAOS.</p>



<p><em>Teoría KAOS: Las artes mediáticas afrocósmicas de Ben Caldwell</em> La exposición está comisariada por Jheanelle Brown, curadora independiente, escritora y profesora de cine y vídeo del Instituto de las Artes de California, y Robeson Taj Frazier, autor, productor y profesor de comunicación de la Universidad del Sur de California. Esta exposición es copresentada por el Museo Afroamericano de California (CAAM) y Art + Practice (A+P) como parte de CAAM en A+P, una colaboración de cinco años.</p>
