{"id":390,"date":"2021-01-14T09:59:54","date_gmt":"2021-01-14T17:59:54","guid":{"rendered":"https:\/\/artandpractice.kudos.nyc\/?post_type=exhibition&#038;p=390"},"modified":"2021-09-02T16:43:57","modified_gmt":"2021-09-02T23:43:57","slug":"a-season-in-hell","status":"publish","type":"exhibition","link":"https:\/\/artandpractice.org\/es\/exhibitions\/exhibition\/a-season-in-hell\/","title":{"rendered":"UNA TEMPORADA EN HE&#039;LL"},"content":{"rendered":"<p>Para su primera exposici\u00f3n individual en Los \u00c1ngeles, Da Corte presentar\u00e1 una encuesta de videos recientes dentro de una instalaci\u00f3n espec\u00edfica del sitio en Art + Practice.<\/p>\n\n\n\n<p>El artista interdisciplinario radicado en Filadelfia Alex Da Corte (n. 1980, Camden, Nueva Jersey) es conocido por su sensibilidad informada por el pop y su aceptaci\u00f3n de la teatralidad. En sus elaboradas y surrealistas piezas decoradas, los objetos banales y los bienes de consumo sirven tanto de actores como de utiler\u00eda. Los videos, esculturas, pinturas e instalaciones de Da Corte reflexionan sobre la pol\u00edtica personal y cultural, la alienaci\u00f3n y las complejidades de la experiencia humana. Un carro\u00f1ero activo de alta y baja cultura, sus exploraciones materiales han incluido el uso de refrescos y champ\u00fa de la tienda de un d\u00f3lar como pintura; \u201cCurar\u201d las obras de otros artistas en objetos h\u00edbridos; y la creaci\u00f3n de ambientes envolventes que consideren y modifiquen la totalidad de un espacio, desde los accesorios de iluminaci\u00f3n hasta el piso.<\/p>\n\n\n\n<p><em>Alex Da Corte: Una temporada en He&#039;ll<\/em>&nbsp;est\u00e1 organizado por Jamillah James, curador asistente del Hammer Museum.<\/p>\n\n\n\n<p>Nota: La ortograf\u00eda del t\u00edtulo de la exposici\u00f3n es intencional, seg\u00fan los deseos del artista.<\/p>","protected":false},"featured_media":0,"template":"","available_media":[],"class_list":["post-390","exhibition","type-exhibition","status-publish","hentry"],"acf":[],"_links":{"self":[{"href":"https:\/\/artandpractice.org\/es\/wp-json\/wp\/v2\/exhibition\/390","targetHints":{"allow":["GET"]}}],"collection":[{"href":"https:\/\/artandpractice.org\/es\/wp-json\/wp\/v2\/exhibition"}],"about":[{"href":"https:\/\/artandpractice.org\/es\/wp-json\/wp\/v2\/types\/exhibition"}],"wp:attachment":[{"href":"https:\/\/artandpractice.org\/es\/wp-json\/wp\/v2\/media?parent=390"}],"wp:term":[{"taxonomy":"available_media","embeddable":true,"href":"https:\/\/artandpractice.org\/es\/wp-json\/wp\/v2\/available_media?post=390"}],"curies":[{"name":"wp","href":"https:\/\/api.w.org\/{rel}","templated":true}]}}

<p>Para su primera exposición individual en Los Ángeles, Da Corte presentará una encuesta de videos recientes dentro de una instalación específica del sitio en Art + Practice.</p>



<p>El artista interdisciplinario radicado en Filadelfia Alex Da Corte (n. 1980, Camden, Nueva Jersey) es conocido por su sensibilidad informada por el pop y su aceptación de la teatralidad. En sus elaboradas y surrealistas piezas decoradas, los objetos banales y los bienes de consumo sirven tanto de actores como de utilería. Los videos, esculturas, pinturas e instalaciones de Da Corte reflexionan sobre la política personal y cultural, la alienación y las complejidades de la experiencia humana. Un carroñero activo de alta y baja cultura, sus exploraciones materiales han incluido el uso de refrescos y champú de la tienda de un dólar como pintura; “Curar” las obras de otros artistas en objetos híbridos; y la creación de ambientes envolventes que consideren y modifiquen la totalidad de un espacio, desde los accesorios de iluminación hasta el piso.</p>



<p><em>Alex Da Corte: Una temporada en He&#039;ll</em>&nbsp;está organizado por Jamillah James, curador asistente del Hammer Museum.</p>



<p>Nota: La ortografía del título de la exposición es intencional, según los deseos del artista.</p>
