{"id":2152,"date":"2021-09-09T08:25:29","date_gmt":"2021-09-09T15:25:29","guid":{"rendered":"https:\/\/artandpractice.kudos.nyc\/?post_type=public_program&#038;p=2152"},"modified":"2021-11-29T14:37:13","modified_gmt":"2021-11-29T22:37:13","slug":"food-for-thought-a-toast-to-blondell-with-nes-abegaze","status":"publish","type":"public_program","link":"https:\/\/artandpractice.org\/es\/public-programs\/program\/food-for-thought-a-toast-to-blondell-with-nes-abegaze\/","title":{"rendered":"ALIMENTOS PARA EL PENSAMIENTO: UN BRINDIS POR BLONDELL CON NESANET TESHAGER ABEGAZE"},"content":{"rendered":"<p>\u00danase a la emprendedora, educadora y cineasta experimental Nesanet Teshager Abegaze para un programa p\u00fablico basado en la narraci\u00f3n y en homenaje al core\u00f3grafo y videoartista Blondell Cummings.<\/p>\n\n\n\n<p>Durante la carrera de Blondell Cummings cre\u00f3 una serie de obras de danza titulada&nbsp;<em>Comida para el pensamiento<\/em>. Estos trabajos incluyeron un conjunto de actuaciones recopiladas en una sola cinta que representaba la meditaci\u00f3n cin\u00e9tica de Cummings sobre la importancia y especificidad de la comida. En muchas de las otras obras de danza de Cummings, a menudo usaba comidas y comida como base para sus bailes y los temas que exploraban. Para Cummings, la comida era un punto de entrada a trav\u00e9s del cual explor\u00f3 no solo sus propias historias de vida, sino tambi\u00e9n las de los dem\u00e1s. Esta serie de programas presenta a mujeres, Korsha Wilson, Jazmin Urrea y Nesanet Abegaze, quienes tambi\u00e9n usan la comida como una forma de compartir historias, culturas y entendimiento. Provenientes de diversas pr\u00e1cticas como esculpir, filmar y escribir, estas tres mujeres usan la comida y la narraci\u00f3n en conjunto en sus pr\u00e1cticas. Durante este programa, Nesanet compartir\u00e1 una historia, una propia o una que haya conocido de la manera que mejor refleje su pr\u00e1ctica y pensamientos sobre la comida y la narraci\u00f3n. El programa ser\u00e1 seguido por una breve sesi\u00f3n de preguntas y respuestas con Nesanet y el Gerente de Programas P\u00fablicos y Exposiciones de A + P, Joshua Oduga, y los asistentes al programa virtual.<\/p>\n\n\n\n<p><strong>Este programa se compartir\u00e1 a trav\u00e9s del sitio web de A + P como un programa pregrabado el 16 de noviembre de 2021 a las 4:00 p.m. Archivaremos el programa junto con los dem\u00e1s en la serie de programas Food for Thought: A Brindis por Blondell a trav\u00e9s de la p\u00e1gina de YouTube de A + P para verlos en el futuro. Esto significa que cualquier persona interesada en asistir a este programa desde cualquier parte del mundo es bienvenida, \u00a1todo lo que necesita es una conexi\u00f3n a Internet! No es necesario confirmar su asistencia.<\/strong><\/p>\n\n\n\n<p>Si desea recibir un recordatorio e informaci\u00f3n sobre programas futuros, confirme su asistencia.&nbsp;<a href=\"https:\/\/www.eventbrite.com\/e\/food-for-thought-a-toast-to-blondell-with-nesanet-teshager-abegaze-tickets-180399789627\">AQU\u00cd<\/a>. Se enviar\u00e1 por correo electr\u00f3nico un enlace para ver el programa a todos los que est\u00e9n en la lista RSVP el 16 de noviembre de 2021.<\/p>","protected":false},"featured_media":0,"template":"","public_program_type":[8],"available_media":[14,12],"class_list":["post-2152","public_program","type-public_program","status-publish","hentry","public_program_type-artist-talk","available_media-pre-recorded-recording","available_media-transcription"],"acf":[],"_links":{"self":[{"href":"https:\/\/artandpractice.org\/es\/wp-json\/wp\/v2\/public_program\/2152","targetHints":{"allow":["GET"]}}],"collection":[{"href":"https:\/\/artandpractice.org\/es\/wp-json\/wp\/v2\/public_program"}],"about":[{"href":"https:\/\/artandpractice.org\/es\/wp-json\/wp\/v2\/types\/public_program"}],"wp:attachment":[{"href":"https:\/\/artandpractice.org\/es\/wp-json\/wp\/v2\/media?parent=2152"}],"wp:term":[{"taxonomy":"public_program_type","embeddable":true,"href":"https:\/\/artandpractice.org\/es\/wp-json\/wp\/v2\/public_program_type?post=2152"},{"taxonomy":"available_media","embeddable":true,"href":"https:\/\/artandpractice.org\/es\/wp-json\/wp\/v2\/available_media?post=2152"}],"curies":[{"name":"wp","href":"https:\/\/api.w.org\/{rel}","templated":true}]}}

<p>Únase a la emprendedora, educadora y cineasta experimental Nesanet Teshager Abegaze para un programa público basado en la narración y en homenaje al coreógrafo y videoartista Blondell Cummings.</p>



<p>Durante la carrera de Blondell Cummings creó una serie de obras de danza titulada&nbsp;<em>Comida para el pensamiento</em>. Estos trabajos incluyeron un conjunto de actuaciones recopiladas en una sola cinta que representaba la meditación cinética de Cummings sobre la importancia y especificidad de la comida. En muchas de las otras obras de danza de Cummings, a menudo usaba comidas y comida como base para sus bailes y los temas que exploraban. Para Cummings, la comida era un punto de entrada a través del cual exploró no solo sus propias historias de vida, sino también las de los demás. Esta serie de programas presenta a mujeres, Korsha Wilson, Jazmin Urrea y Nesanet Abegaze, quienes también usan la comida como una forma de compartir historias, culturas y entendimiento. Provenientes de diversas prácticas como esculpir, filmar y escribir, estas tres mujeres usan la comida y la narración en conjunto en sus prácticas. Durante este programa, Nesanet compartirá una historia, una propia o una que haya conocido de la manera que mejor refleje su práctica y pensamientos sobre la comida y la narración. El programa será seguido por una breve sesión de preguntas y respuestas con Nesanet y el Gerente de Programas Públicos y Exposiciones de A + P, Joshua Oduga, y los asistentes al programa virtual.</p>



<p><strong>Este programa se compartirá a través del sitio web de A + P como un programa pregrabado el 16 de noviembre de 2021 a las 4:00 p.m. Archivaremos el programa junto con los demás en la serie de programas Food for Thought: A Brindis por Blondell a través de la página de YouTube de A + P para verlos en el futuro. Esto significa que cualquier persona interesada en asistir a este programa desde cualquier parte del mundo es bienvenida, ¡todo lo que necesita es una conexión a Internet! No es necesario confirmar su asistencia.</strong></p>



<p>Si desea recibir un recordatorio e información sobre programas futuros, confirme su asistencia.&nbsp;<a href="https://www.eventbrite.com/e/food-for-thought-a-toast-to-blondell-with-nesanet-teshager-abegaze-tickets-180399789627">AQUÍ</a>. Se enviará por correo electrónico un enlace para ver el programa a todos los que estén en la lista RSVP el 16 de noviembre de 2021.</p>
