{"id":2449,"date":"2022-08-02T09:58:14","date_gmt":"2022-08-02T16:58:14","guid":{"rendered":"https:\/\/artandpractice.org\/?post_type=public_program&#038;p=2449"},"modified":"2022-10-04T11:29:52","modified_gmt":"2022-10-04T18:29:52","slug":"los-angeles-public-library-reading-hour","status":"publish","type":"public_program","link":"https:\/\/artandpractice.org\/es\/public-programs\/program\/los-angeles-public-library-reading-hour\/","title":{"rendered":"HORA DE LECTURA DE LA BIBLIOTECA P\u00daBLICA DE LOS \u00c1NGELES"},"content":{"rendered":"<p>Explore temas de belleza, raza e identidad en la sociedad contempor\u00e1nea a trav\u00e9s de la representaci\u00f3n de ni\u00f1os negros en la exposici\u00f3n. <em>Deborah Roberts: Soy<\/em> ya trav\u00e9s de tres libros ilustrados empoderadores. La bibliotecaria Ednita Kelly lee <em>Julian es una sirena<\/em> por jessica amor, <em>amor por el cabello<\/em> por Matthew A. Cherry, y <em>El yo que elijo ser<\/em> de Natasha Anastasia Tarpley. Tenga en cuenta: este programa se lleva a cabo en Art + Practice.<br><\/p>\n\n\n\n<p>Presentado en colaboraci\u00f3n con la Biblioteca P\u00fablica de Los \u00c1ngeles.<\/p>","protected":false},"featured_media":0,"template":"","public_program_type":[25],"available_media":[13,10],"class_list":["post-2449","public_program","type-public_program","status-publish","hentry","public_program_type-reading-hour","available_media-live-programming","available_media-video-recording"],"acf":[],"_links":{"self":[{"href":"https:\/\/artandpractice.org\/es\/wp-json\/wp\/v2\/public_program\/2449","targetHints":{"allow":["GET"]}}],"collection":[{"href":"https:\/\/artandpractice.org\/es\/wp-json\/wp\/v2\/public_program"}],"about":[{"href":"https:\/\/artandpractice.org\/es\/wp-json\/wp\/v2\/types\/public_program"}],"wp:attachment":[{"href":"https:\/\/artandpractice.org\/es\/wp-json\/wp\/v2\/media?parent=2449"}],"wp:term":[{"taxonomy":"public_program_type","embeddable":true,"href":"https:\/\/artandpractice.org\/es\/wp-json\/wp\/v2\/public_program_type?post=2449"},{"taxonomy":"available_media","embeddable":true,"href":"https:\/\/artandpractice.org\/es\/wp-json\/wp\/v2\/available_media?post=2449"}],"curies":[{"name":"wp","href":"https:\/\/api.w.org\/{rel}","templated":true}]}}

HORA DE LECTURA DE LA BIBLIOTECA PÚBLICA DE LOS ÁNGELES

<p>Explore temas de belleza, raza e identidad en la sociedad contemporánea a través de la representación de niños negros en la exposición. <em>Deborah Roberts: Soy</em> ya través de tres libros ilustrados empoderadores. La bibliotecaria Ednita Kelly lee <em>Julian es una sirena</em> por jessica amor, <em>amor por el cabello</em> por Matthew A. Cherry, y <em>El yo que elijo ser</em> de Natasha Anastasia Tarpley. Tenga en cuenta: este programa se lleva a cabo en Art + Practice.<br></p>



<p>Presentado en colaboración con la Biblioteca Pública de Los Ángeles.</p>
