{"id":3324,"date":"2025-01-29T13:16:20","date_gmt":"2025-01-29T21:16:20","guid":{"rendered":"https:\/\/artandpractice.org\/?post_type=public_program&#038;p=3324"},"modified":"2025-02-20T09:22:43","modified_gmt":"2025-02-20T17:22:43","slug":"in-conversation-arthur-jafa-and-ben-caldwell-art-practice","status":"publish","type":"public_program","link":"https:\/\/artandpractice.org\/es\/public-programs\/program\/in-conversation-arthur-jafa-and-ben-caldwell-art-practice\/","title":{"rendered":"EN CONVERSACI\u00d3N: ARTHUR JAFA Y BEN CALDWELL @ ARTE + PR\u00c1CTICA"},"content":{"rendered":"<p>Acomp\u00e1\u00f1anos en un di\u00e1logo enriquecedor sobre la intersecci\u00f3n entre las artes visuales, el cine y las complejidades de la identidad afroamericana contempor\u00e1nea. El artista, cineasta y director de fotograf\u00eda Arthur Jafa y el educador art\u00edstico y cineasta Ben Caldwell compartir\u00e1n sus perspectivas, experiencias y filosof\u00edas sobre el poder del arte como medio para el cambio social, reflexionando sobre sus trayectorias personales y los movimientos culturales m\u00e1s amplios que dan forma a su trabajo.<\/p>","protected":false},"featured_media":0,"template":"","public_program_type":[15],"available_media":[13,10],"class_list":["post-3324","public_program","type-public_program","status-publish","hentry","public_program_type-in-conversation","available_media-live-programming","available_media-video-recording"],"acf":[],"_links":{"self":[{"href":"https:\/\/artandpractice.org\/es\/wp-json\/wp\/v2\/public_program\/3324","targetHints":{"allow":["GET"]}}],"collection":[{"href":"https:\/\/artandpractice.org\/es\/wp-json\/wp\/v2\/public_program"}],"about":[{"href":"https:\/\/artandpractice.org\/es\/wp-json\/wp\/v2\/types\/public_program"}],"wp:attachment":[{"href":"https:\/\/artandpractice.org\/es\/wp-json\/wp\/v2\/media?parent=3324"}],"wp:term":[{"taxonomy":"public_program_type","embeddable":true,"href":"https:\/\/artandpractice.org\/es\/wp-json\/wp\/v2\/public_program_type?post=3324"},{"taxonomy":"available_media","embeddable":true,"href":"https:\/\/artandpractice.org\/es\/wp-json\/wp\/v2\/available_media?post=3324"}],"curies":[{"name":"wp","href":"https:\/\/api.w.org\/{rel}","templated":true}]}}

EN CONVERSACIÓN: ARTHUR JAFA Y BEN CALDWELL @ ARTE + PRÁCTICA

<p>Acompáñanos en un diálogo enriquecedor sobre la intersección entre las artes visuales, el cine y las complejidades de la identidad afroamericana contemporánea. El artista, cineasta y director de fotografía Arthur Jafa y el educador artístico y cineasta Ben Caldwell compartirán sus perspectivas, experiencias y filosofías sobre el poder del arte como medio para el cambio social, reflexionando sobre sus trayectorias personales y los movimientos culturales más amplios que dan forma a su trabajo.</p>
