{"id":409,"date":"2021-01-15T13:49:37","date_gmt":"2021-01-15T21:49:37","guid":{"rendered":"https:\/\/artandpractice.kudos.nyc\/?post_type=public_program&#038;p=409"},"modified":"2021-09-03T16:17:04","modified_gmt":"2021-09-03T23:17:04","slug":"artist-talk-diedrick-brackens","status":"publish","type":"public_program","link":"https:\/\/artandpractice.org\/es\/public-programs\/program\/artist-talk-diedrick-brackens\/","title":{"rendered":"CHARLA CON ARTISTA: DIEDRICK BRACKENS"},"content":{"rendered":"<p>\u00danase a Art + Practice para una charla con el artista de Los \u00c1ngeles Diedrick Brackens. Brackens (n. 1989, Mexia, TX) discutir\u00e1 su pr\u00e1ctica de tejer tejidos a mano para explorar temas de la identidad negra y queer y la historia de Estados Unidos. Brackens tambi\u00e9n describir\u00e1 su proceso de confecci\u00f3n de sus tejidos y las t\u00e9cnicas utilizadas \u2014dibujo del tejido de \u00c1frica occidental, acolchado del sur de Estados Unidos y el arte de la fabricaci\u00f3n de tapices europeos\u2014 para crear obras abstractas y figurativas.<\/p>\n\n\n\n<p>Este programa se organiza con motivo de las exposiciones de A + P&nbsp;<em>Stephen Towns: rumiaci\u00f3n y ajuste de cuentas<\/em>&nbsp;y&nbsp;<em>Ramsess: The Gathering<\/em>.<\/p>\n\n\n\n<p>Por favor RSVP&nbsp;<a href=\"https:\/\/www.eventbrite.com\/e\/artist-talk-diedrick-brackens-tickets-70943314363\"><strong>aqu\u00ed<\/strong><\/a>. La entrada es siempre gratuita.<\/p>","protected":false},"featured_media":0,"template":"","public_program_type":[8],"available_media":[11,13],"class_list":["post-409","public_program","type-public_program","status-publish","hentry","public_program_type-artist-talk","available_media-audio-recording","available_media-live-programming"],"acf":[],"_links":{"self":[{"href":"https:\/\/artandpractice.org\/es\/wp-json\/wp\/v2\/public_program\/409","targetHints":{"allow":["GET"]}}],"collection":[{"href":"https:\/\/artandpractice.org\/es\/wp-json\/wp\/v2\/public_program"}],"about":[{"href":"https:\/\/artandpractice.org\/es\/wp-json\/wp\/v2\/types\/public_program"}],"wp:attachment":[{"href":"https:\/\/artandpractice.org\/es\/wp-json\/wp\/v2\/media?parent=409"}],"wp:term":[{"taxonomy":"public_program_type","embeddable":true,"href":"https:\/\/artandpractice.org\/es\/wp-json\/wp\/v2\/public_program_type?post=409"},{"taxonomy":"available_media","embeddable":true,"href":"https:\/\/artandpractice.org\/es\/wp-json\/wp\/v2\/available_media?post=409"}],"curies":[{"name":"wp","href":"https:\/\/api.w.org\/{rel}","templated":true}]}}

<p>Únase a Art + Practice para una charla con el artista de Los Ángeles Diedrick Brackens. Brackens (n. 1989, Mexia, TX) discutirá su práctica de tejer tejidos a mano para explorar temas de la identidad negra y queer y la historia de Estados Unidos. Brackens también describirá su proceso de confección de sus tejidos y las técnicas utilizadas —dibujo del tejido de África occidental, acolchado del sur de Estados Unidos y el arte de la fabricación de tapices europeos— para crear obras abstractas y figurativas.</p>



<p>Este programa se organiza con motivo de las exposiciones de A + P&nbsp;<em>Stephen Towns: rumiación y ajuste de cuentas</em>&nbsp;y&nbsp;<em>Ramsess: The Gathering</em>.</p>



<p>Por favor RSVP&nbsp;<a href="https://www.eventbrite.com/e/artist-talk-diedrick-brackens-tickets-70943314363"><strong>aquí</strong></a>. La entrada es siempre gratuita.</p>
