{"id":470,"date":"2021-01-14T16:40:17","date_gmt":"2021-01-15T00:40:17","guid":{"rendered":"https:\/\/artandpractice.kudos.nyc\/?post_type=public_program&#038;p=470"},"modified":"2021-09-05T13:50:55","modified_gmt":"2021-09-05T20:50:55","slug":"in-conversation-gabrielle-civil-and-amanda-hunt","status":"publish","type":"public_program","link":"https:\/\/artandpractice.org\/es\/public-programs\/program\/in-conversation-gabrielle-civil-and-amanda-hunt\/","title":{"rendered":"EN CONVERSACI\u00d3N: GABRIELLE CIVIL Y AMANDA HUNT"},"content":{"rendered":"<p>En este evento din\u00e1mico, la directora de Educaci\u00f3n y Programas P\u00fablicos de MOCA y la curadora Amanda Hunt y la artista de performance y escritora feminista negra Gabrielle Civil investigar\u00e1n el trabajo de cada una, el legado de Senga Nengudi y la urgencia de la actuaci\u00f3n de las mujeres negras. \u00bfC\u00f3mo puede el gesto encarnado cuestionar y responder la identidad \/ pol\u00edtica? \u00bfC\u00f3mo puede la actuaci\u00f3n de las mujeres negras liberar y transformar? Incorporando el di\u00e1logo, este evento tambi\u00e9n contar\u00e1 con im\u00e1genes e interacci\u00f3n de la audiencia. Ven listo para jugar.<\/p>","protected":false},"featured_media":0,"template":"","public_program_type":[16],"available_media":[11,13],"class_list":["post-470","public_program","type-public_program","status-publish","hentry","public_program_type-in-conversation-2","available_media-audio-recording","available_media-live-programming"],"acf":[],"_links":{"self":[{"href":"https:\/\/artandpractice.org\/es\/wp-json\/wp\/v2\/public_program\/470","targetHints":{"allow":["GET"]}}],"collection":[{"href":"https:\/\/artandpractice.org\/es\/wp-json\/wp\/v2\/public_program"}],"about":[{"href":"https:\/\/artandpractice.org\/es\/wp-json\/wp\/v2\/types\/public_program"}],"wp:attachment":[{"href":"https:\/\/artandpractice.org\/es\/wp-json\/wp\/v2\/media?parent=470"}],"wp:term":[{"taxonomy":"public_program_type","embeddable":true,"href":"https:\/\/artandpractice.org\/es\/wp-json\/wp\/v2\/public_program_type?post=470"},{"taxonomy":"available_media","embeddable":true,"href":"https:\/\/artandpractice.org\/es\/wp-json\/wp\/v2\/available_media?post=470"}],"curies":[{"name":"wp","href":"https:\/\/api.w.org\/{rel}","templated":true}]}}

EN CONVERSACIÓN: GABRIELLE CIVIL Y AMANDA HUNT

<p>En este evento dinámico, la directora de Educación y Programas Públicos de MOCA y la curadora Amanda Hunt y la artista de performance y escritora feminista negra Gabrielle Civil investigarán el trabajo de cada una, el legado de Senga Nengudi y la urgencia de la actuación de las mujeres negras. ¿Cómo puede el gesto encarnado cuestionar y responder la identidad / política? ¿Cómo puede la actuación de las mujeres negras liberar y transformar? Incorporando el diálogo, este evento también contará con imágenes e interacción de la audiencia. Ven listo para jugar.</p>
